 Calculate the greatest common divisor of c and v.
2
Suppose 7475 = 43*c - 4221. What is the highest common factor of 850 and c?
34
Let k = 16457 + -15993. What is the highest common factor of k and 754?
58
Suppose -233 - 196 = -13*b. Suppose j = -0*j. Let m be 14905/b + (j - 4/6). Calculate the greatest common factor of m and 41.
41
Let y be (33 + -11)*(7 - -2 - 7). Calculate the greatest common divisor of y and 5918.
22
Suppose -36930 = -99*s + 20231 + 33919. Calculate the highest common factor of s and 23.
23
Let r = 13 - 5. Suppose 0 = -18*t + 12*t + 5*t. Suppose g - 4*j - 28 = t, 0 = -5*g - 4*j + 18 + 50. What is the greatest common divisor of r and g?
8
Let h(s) = 689*s + 45. Let b be h(0). Calculate the greatest common divisor of 120 and b.
15
Suppose 4*n - 169 = 475. Let o = 237 + -133. Let a be (-16)/o + (-602)/(-26). What is the highest common divisor of n and a?
23
Suppose 2*u + 47 = -3*b + 269, 2*u - 5*b - 190 = 0. Suppose 4*l = -u + 121. What is the greatest common factor of 20 and l?
4
Let y be 48/18*(-204)/(-8). Suppose -75*u + y*u = -322. What is the greatest common divisor of u and 391?
23
Suppose 20 = -5*f, -16154 = -3*b + b - 2*f. Suppose 11*t + 3362 = b. What is the highest common divisor of 39 and t?
39
Let g be (312/14 + 0)/(((-20)/140)/(-1)). What is the highest common divisor of 72 and g?
12
Suppose -5*s = k - 5*k - 84, k = 2*s - 18. Let i(l) = -l**3 - 24*l**2 + 49*l - 14. Let g be i(k). Calculate the highest common divisor of g and 448.
64
Let f(d) = 14*d**3 + 376*d**2 - 59*d - 57. Let h be f(-27). Let y(l) = -l**3 + l**2 + l + 234. Let i be y(0). What is the greatest common divisor of h and i?
78
Let x be (-16 - 0)*(-5)/30*3. Calculate the greatest common divisor of 116 and x.
4
Let c(p) = 29*p + 41. Let t be c(7). Let y be (-2 + 4 - 63)*-1. Calculate the greatest common divisor of t and y.
61
Let z(v) = 125*v**2 - 1657*v + 48. Let f be z(14). What is the highest common factor of f and 810?
270
Suppose 2*v = -2*v + 56. Suppose -11602 = -13*z + 4713. Suppose -5*i - z = -1535. What is the highest common factor of i and v?
14
Let y(f) = -4*f + 1 - f + f + 3*f**2 - f**2. Let a be y(2). Let b be ((3 - 3) + a)/(5/165). Calculate the highest common factor of b and 3.
3
Let d(u) = u**3 + 5*u**2 - u + 2. Let c be d(-5). Let b(o) = -7*o + 238. Let l be b(28). Let n = l - 35. Calculate the greatest common factor of n and c.
7
Let w(z) = -18*z**2 + 11*z + 10. Let o be w(-5). Let f = -459 - o. What is the highest common factor of 264 and f?
12
Let r(u) = 6*u**2 - 9*u - 4. Let h be r(2). Suppose -3*q - x = -1686, h*q + 337 = 3*x + 1450. Calculate the greatest common divisor of 68 and q.
17
Let f = -64 - -47. Let p be (-3)/(-4) + 345/(-12). Let m = f - p. What is the highest common divisor of m and 55?
11
Suppose -97*p + 4689 + 114705 = -16*p. Calculate the greatest common factor of 22 and p.
22
Suppose 4*f - 5*a - 36 = 0, -a + 0 = -2*f + 18. Let s be (6/6 - -2) + f. Calculate the highest common divisor of s and 66.
6
Let s(u) = -u + 1 - 13 - 5 - 15. Let r be s(19). Let i be ((-3)/(-2))/(r/(-1156)). What is the greatest common factor of i and 204?
34
Let a = 149 - 184. Let q be (a/7 - -14)*1. Calculate the highest common divisor of 2 and q.
1
Let u = 18100 + -18090. Let k(a) = -5*a + 9. Let g be k(-9). Suppose -l - 18 - 11 = -3*w, -g = -5*w - 4*l. What is the highest common divisor of w and u?
10
Suppose 83 - 143 = -2*w. Let l = 288 - 240. What is the highest common factor of w and l?
6
Suppose -108 = -15*k - 21*k. Let t = 36 + -13. Suppose -2*l + 15 = k*n, l + 5*n - t = -2*l. What is the highest common factor of l and 60?
6
Suppose 3*n - 3*f = -2*f - 5, -4*n - 5*f = -25. Suppose 0 = x - 3*a + 7*a - 19, -2*x + 3*a + 60 = n. What is the highest common divisor of 18 and x?
9
Let w = -2760 + 2869. Calculate the highest common divisor of w and 3488.
109
Let x = 323 - 322. Let q = x + 11. Calculate the highest common divisor of q and 1176.
12
Suppose -18*b - 2*b = -80. Let i be (6 - 0) + 3 + b/(-2). Calculate the highest common divisor of i and 2.
1
Let o(p) = -34*p**2 - 3*p + 1. Let j be o(2). Let f = -102 - j. Calculate the highest common factor of f and 6.
3
Let d = 915 - 340. Let o = d + -571. What is the highest common divisor of o and 2?
2
Let g be ((-516)/66)/(26/(-858)). What is the greatest common divisor of g and 18?
6
Suppose 3*n - n = 44. Let p(q) = -q**2 + 29*q - 114. Let t be p(n). Suppose 3*a + 240 = 5*a. Calculate the greatest common factor of t and a.
40
Let t(n) = -20*n + 5*n + 6*n**3 - 4 + 15*n - 26*n**2. Let s be t(5). What is the greatest common divisor of 360 and s?
24
Let q be 2/(0/2 - -1). Let a be 15/5 - (-784)/q. Suppose 5*p = -2*c + 6*c + a, 5*p - 3*c - 390 = 0. Calculate the highest common divisor of 30 and p.
15
Suppose -4*r = -3*r - 145. Let s(t) = 3*t**3 - 18*t**2 + 29. Let d be s(6). Calculate the highest common divisor of d and r.
29
Let u = 156 + -136. Let g be (10/4 + -2)*(182 - u). What is the highest common divisor of g and 9?
9
Let f be 148/(-3 - 20/(-5)). Let w = f + -146. What is the greatest common factor of w and 32?
2
Let p be (-8)/(-3)*-3 + 8 - 31551/(-3). What is the greatest common factor of p and 13?
13
Let b be 10/(1/6*3). Let d = -101 - -331. What is the highest common divisor of b and d?
10
Let q = 6 - 3. Suppose -2*c - q*c + 4*z = -459, 4*c - 366 = 2*z. Let j = -437608 + 437621. Calculate the highest common divisor of c and j.
13
Suppose -14*v = 1067 + 8481. Let d be 2 + (v - -2)*12/(-24). What is the greatest common factor of d and 18?
18
Let n = 8 - 7. Let v be (-38)/(2/n)*-1. Suppose -6*a = -2*a + 12, -4*z - 3*a + 371 = 0. Calculate the highest common divisor of v and z.
19
Let i be (-225)/(-5)*2/6. Let p be (-1)/((1/(-5))/(2/(-10))). Let o = p - -31. Calculate the greatest common factor of i and o.
15
Let d(u) = -11*u + 168. Let t be d(-8). Suppose 0 = -f - 5*a + 60, 0 = 3*f + 3*a - 7*a - t. What is the greatest common factor of f and 96?
16
Let t(n) = -3*n**3 + 15*n**2 - 5*n + 64. Let v be t(-7). Calculate the greatest common factor of 69 and v.
69
Let k be (138/(-8))/(3/(-8)). Let y(g) = g**2 - 15*g - 84. Let s be y(29). What is the greatest common factor of k and s?
46
Let l = 218 + -821. Let a = l - -675. What is the highest common factor of 16 and a?
8
Suppose 0 = -3*w - 5*k + 8, -19 = -3*k - 25. Let s be (-2)/(-2) - 3 - -3. Let v = 25 - s. Calculate the highest common factor of w and v.
6
Suppose 4*d = 3*q - 124, -q + 21*d - 18*d = -38. Let y = -96 + 228. Suppose -y = -5*m + m. Calculate the highest common divisor of m and q.
11
Suppose 2*t + 41*d - 1286 = 43*d, 0 = -3*t - 2*d + 1924. Calculate the highest common factor of 24 and t.
6
Let x = 104 + -32. Let m = x - 71. Let t be ((-31)/4)/(6/8 - m). Calculate the greatest common divisor of t and 217.
31
Let g(h) = -136*h**3 - 2*h**2 - 2*h - 1. Let b be g(-1). Suppose 11*c - 32*c + 315 = 0. Calculate the highest common divisor of b and c.
15
Let q be (-14 - 1)*(7 - (-2)/(-35)*133). What is the greatest common divisor of 357 and q?
3
Suppose -12*v - 2712 = 12*v. Let l = 161 + v. What is the greatest common divisor of l and 456?
24
Let f(z) = -z + 38 + 17*z - 11*z - 14*z + 2*z**2. Let b be f(9). Let o = b + -102. What is the greatest common divisor of 238 and o?
17
Let k(j) = -30*j + 200. Let f be k(6). Calculate the greatest common factor of f and 4052.
4
Let t(u) = 57*u**2 - 16*u + 105. Let b(h) = -20*h**2 + 5*h - 35. Let s(a) = 17*b(a) + 6*t(a). Let q be s(5). What is the greatest common divisor of 440 and q?
10
Suppose -6*q + q + 525 = 0. Suppose 60 + 395 = -5*u. Let p = u + q. What is the greatest common divisor of p and 56?
14
Let o = -40 - -29. Let i be (-11)/(o/(-30))*-1. Let d(y) = 18*y - 810. Let b be d(50). Calculate the greatest common factor of i and b.
30
Suppose 13 = -15*p + 58. Let q be (-14)/(-2) - (1 + p + -6). Calculate the highest common factor of 117 and q.
9
Let r be 987/14 - 1/(-2). Let k(p) = 3*p**3 + 30*p**2 - 13*p - 59. Let q be k(-10). What is the highest common factor of q and r?
71
Let u be (-35)/14*52/((-6)/3). Calculate the greatest common divisor of u and 39.
13
Let y = -51 - -231. Let p be ((-66)/55)/((-1)/y). Calculate the greatest common factor of p and 8.
8
Suppose 0*l = l + 2*b - 16, -5*b =